lculate the highest common divisor of 18 and t.
9
Let p(h) = -7*h + 4. Let t be p(3). Let w = -13 + 2. Let j = w - t. What is the greatest common factor of j and 15?
3
Suppose -7 = r - 18. Suppose -3*c - 5 = -71. What is the greatest common divisor of r and c?
11
Let c be 4/(-10) - 102/(-5). Suppose -6*l + 76 = -2*l. Suppose -x + 11 = -l. Calculate the highest common divisor of c and x.
10
Suppose 0 = -0*d - 4*d. Let j(r) = r**2 + 3 + 2*r**2 + 2*r + d*r**2. Let w be j(5). What is the highest common factor of 11 and w?
11
Suppose -5*i - o = -330, 3*i = -0*o - 5*o + 220. Suppose 4*d - 39 = d - 3*z, 2*z = -3*d + 39. Calculate the highest common factor of d and i.
13
Suppose -4*w = -7 - 5. Suppose -4*y = 4*g + 12, -4*y + 0*y = -w*g - 2. Let k be (-4)/(-2) + 19 + g. Calculate the greatest common divisor of 19 and k.
19
Let n = 40 - 4. Calculate the highest common divisor of 24 and n.
12
Let v(z) be the second derivative of -z**5/20 - z**4/2 - 5*z**3/3 + z**2/2 - z. Let w be v(-8). What is the greatest common divisor of 19 and w?
19
Let k = 21 + -4. Calculate the greatest common factor of k and 153.
17
Let u(n) = n**2. Let p(b) = 9*b**2 + 3*b. Let g(l) = p(l) - 6*u(l). Let d be g(3). Calculate the greatest common factor of d and 12.
12
Let z be 3/((18/4)/3). Suppose -z*g + 60 = 5*d, 3*d - 2*g - 36 = 3*g. What is the highest common factor of 18 and d?
6
Let a(m) = -m**2 + 14*m - 11. Let d be a(9). What is the greatest common divisor of d and 306?
34
Suppose -2*g + 3 = 4*f - 25, 62 = 4*g + 5*f. Let j be 11*3/(-9)*-3. Let x = g - j. Calculate the greatest common factor of 49 and x.
7
Let r be (-6 - -56) + 4/2. What is the highest common divisor of r and 13?
13
Let h(w) = w + 10*w**2 + w**2 - 2*w**2. Let u be h(1). Let a(v) = -49*v**3 + 2*v**2 + 2*v + 1. Let l be a(-1). What is the greatest common divisor of u and l?
10
Let v = 132 + -72. Calculate the greatest common factor of 24 and v.
12
Suppose -180 = -3*t - 5*s, -s = -t + 55 + 5. Calculate the greatest common factor of 24 and t.
12
Suppose -u + 2*u = 5, 0 = -4*q - u + 5. Suppose q = -2*h - 3*o + 56 + 51, -251 = -5*h - 2*o. What is the highest common divisor of 7 and h?
7
Let w be 3/((-3)/12 + 1). Suppose 4*j + 16 = w*u, -j - 4 = 5*u - 4*u. Let p be (u + (-7)/(-2))*2. What is the highest common divisor of p and 7?
7
Let f(z) = 30*z**2 - z. Let w be f(1). Suppose g = -5 + w. Suppose j - g = -j. What is the greatest common divisor of j and 24?
12
Suppose 7*m = 3*m + 60. Let d = m - 11. Suppose -v = 4*o - 96, 3*v + 88 = d*v + 2*o. What is the highest common factor of 16 and v?
16
Let h(w) = 11*w. Let s be h(1). Let j be (-197)/(-2) + 6/12. Calculate the greatest common divisor of s and j.
11
Let o = 45 - 30. Suppose 55 = 2*r - o. Let d be (-461)/(-7) - (-5)/r. What is the greatest common divisor of 6 and d?
6
Let x = 12 - 8. Suppose -456 = -3*u - 3*i, -u + x*i = 28 - 180. Calculate the highest common divisor of u and 19.
19
Suppose 5*y - 19 = -2*b, -4*y + 2 + 2 = -4*b. Let w be y/(2/(-2)) + 51. Calculate the greatest common divisor of 12 and w.
12
Suppose t - 16 = -3*t. Let k(b) = b**3 + 6*b**2 - 6*b + 8. Let j be k(-6). Calculate the greatest common divisor of t and j.
4
Let t(m) = -m**3 + 5*m**2 + 5*m - 7. Let k be t(5). Calculate the greatest common divisor of k and 12.
6
Let v(i) = i**3 - i**2 - 2. Let o be v(2). Calculate the highest common divisor of 26 and o.
2
Let n(m) = 9*m**2 + 2*m + 3. Let x be n(3). Let i(h) = h**3 + 5*h**2 - 2*h + 1. Let c be i(-6). Let u = 33 + c. What is the greatest common divisor of x and u?
10
Suppose r = -z + 5, -7*r - z = -2*r - 13. Calculate the highest common factor of r and 10.
2
Let n be (-24)/20*10/(-3). Suppose 0 = l + 3*l - 960. Suppose -n*s = -0*s - l. Calculate the greatest common factor of 12 and s.
12
Let x(j) = j**3 - 6*j**2 + 7*j + 8. Let i be x(6). Let w be (i/(-15))/(2/(-33)). What is the highest common divisor of 11 and w?
11
Suppose 11*o - 362 = -131. What is the greatest common divisor of 231 and o?
21
Let m = 24 - 17. What is the greatest common divisor of m and 28?
7
Let h = -59 + 41. Let p = 39 + h. Let s be 2/(-3) + 23/3. Calculate the highest common divisor of s and p.
7
Suppose 5*n = 5*p + 785, 3 = -0*n + 3*n. Let g = p - -231. Suppose 0 = -4*a - 2*v + v + 57, -4*a = 4*v - 48. What is the highest common divisor of a and g?
15
Let i(y) = -5*y + 3. Let n be i(-4). Let z = -18 + n. What is the highest common factor of z and 5?
5
Suppose m + 2*m + 27 = 0. Let y be m/2*(-6)/9. Suppose -2*j + 6 = 4*l, 5*l + y*j - 5 = l. Calculate the highest common divisor of 5 and l.
1
Suppose -2*f = -4*a + 94, 0*a = -5*a + 5*f + 130. Suppose 2*y = -5*q - 9, 3*y - 2*q - 2*q = 21. Calculate the greatest common divisor of a and y.
3
Suppose -3*o - 2*o + 15 = 0. Let l = -24 - -51. What is the greatest common divisor of l and o?
3
Suppose -2*m + 5*m = 15. Let v be (-3)/(-2) - (81/(-2))/3. Calculate the greatest common divisor of m and v.
5
Suppose 2*j + 3*j = 0. Suppose -3*b = 3, j = -5*r + 3*b - 1 - 1. Let v be ((-3)/9)/(r/57). What is the greatest common divisor of 209 and v?
19
Let k = 0 + -1. Let c be (k + -2)*(-200)/6. Suppose 3*s - 35 = c. What is the highest common factor of 15 and s?
15
Let f = 433 - 191. Calculate the greatest common factor of f and 22.
22
Let d be -2 + 3 - -98 - 3. Calculate the highest common divisor of 12 and d.
12
Suppose h = -19 + 54. Let f be 132/9 + 8/(-12). What is the greatest common divisor of f and h?
7
Suppose g + 4*y = -g + 952, g - 488 = -5*y. Let h be (-4)/(-10) - g/(-30). Let i(t) = -t + 144. Let z be i(0). Calculate the greatest common factor of z and h.
16
Suppose -152 = -2*n + 46. Suppose 0 = r + m - 13 - 12, -4*m = -3*r + 54. Let c be r/(-3 + 5)*1. Calculate the highest common factor of c and n.
11
Let x = -2 + 4. Suppose 4*q = -x*q + 48. What is the highest common divisor of 16 and q?
8
Let f = 116 + -86. What is the greatest common divisor of f and 180?
30
Let w(u) = -12*u + 1. Let n be w(-1). Let k = n + 13. Calculate the greatest common factor of 13 and k.
13
Let c be 7*(4/7)/2. Let k be 7/(2 + (1 - c)). What is the greatest common divisor of 56 and k?
7
Let l be (-1)/2 - (-27)/(-6). Let t(h) = h**3 + 5*h**2 - 7*h - 5. Let x be t(l). Calculate the greatest common factor of x and 20.
10
Suppose 17*y - 112 = 9*y. Let t be 0 + 1 + -1 + 98. What is the greatest common divisor of y and t?
14
Suppose 0 = -2*q - 2*g + 344 + 96, 448 = 2*q + 4*g. What is the highest common divisor of 24 and q?
24
Let s be -1 + 4 - (12 + -13). Suppose -4*p = w + s*w - 89, 2*w = -2*p + 42. Calculate the greatest common factor of 144 and p.
16
Let r be 3 + -1 - 3*(-1 - 3). What is the greatest common factor of r and 14?
14
Suppose 5 = 4*h + 1. Let t be 10 + 4/(-2) + h. What is the highest common divisor of 81 and t?
9
Suppose 3*j - 5*j = 2*u - 346, 0 = -2*u + 5*j + 311. Calculate the highest common factor of 24 and u.
24
Let p = 14 - 5. Suppose -4*r + 1249 = -51. Suppose -126 = -2*f + 5*a, -4*a = -5*f - 10 + r. What is the highest common factor of p and f?
9
Suppose 59 = 6*h + 11. Calculate the greatest common divisor of 40 and h.
8
Let f = 0 + 1. Suppose t - f = -0*t. Let b be 55*t + (-4)/(-4). Calculate the highest common divisor of b and 7.
7
Suppose 0*w - 30 = 5*w. Let i(a) = a**2 + 5*a + 1. Let m be i(w). What is the highest common divisor of m and 49?
7
Suppose 5*h = h + 280. Suppose 3*q = -q + 40. What is the highest common divisor of h and q?
10
Suppose -5*r + 662 = -3*y, 0 = -r + 3*r + 3*y - 269. Calculate the highest common factor of 19 and r.
19
Let l be ((-33)/9 - 1)*-15. Calculate the greatest common factor of l and 7.
7
Let w = -2 + 3. Suppose g = k, 3*k - 3 = g + 3. Let j be -2 + (g - w) + 162. What is the greatest common factor of 18 and j?
18
Let d(g) = -g**2 - 4*g + 5. Let h be d(-4). Let q(x) = h - x**2 + 6 - 4 - 7*x + 3*x. Let i be q(-5). Calculate the highest common divisor of 2 and i.
2
Suppose 5*t + 1 = 16. Suppose -2*q + 17 = t*f, 3*q - 3 = f + 2*f. Let u(y) = y**2. Let g be u(6). What is the greatest common divisor of g and q?
4
Let l(z) = z**2 + z - 1 + 0*z**2 - 6 + 3*z**2. Let t be l(-5). What is the highest common factor of t and 11?
11
Let h be (-48195)/(-175) + 3/(30/(-4)). Calculate the highest common divisor of